{"id":107,"date":"2025-12-17T12:33:50","date_gmt":"2025-12-17T12:33:50","guid":{"rendered":"http:\/\/gvcproducoes.e-depo.com.br\/?page_id=107"},"modified":"2025-12-28T17:34:25","modified_gmt":"2025-12-28T17:34:25","slug":"universos","status":"publish","type":"page","link":"https:\/\/gvcproducoes.e-depo.com.br\/?page_id=107","title":{"rendered":"Universos"},"content":{"rendered":"\n<p>Universos da GVC Produ\u00e7\u00f5es<\/p>\n\n\n\n<figure class=\"wp-block-image size-large is-resized\"><img fetchpriority=\"high\" decoding=\"async\" width=\"683\" height=\"1024\" src=\"https:\/\/gvcproducoes.e-depo.com.br\/wp-content\/uploads\/2025\/12\/ChatGPT-Image-17-de-dez.-de-2025-12_43_17-683x1024.png\" alt=\"\" class=\"wp-image-114\" style=\"width:543px;height:auto\" srcset=\"https:\/\/gvcproducoes.e-depo.com.br\/wp-content\/uploads\/2025\/12\/ChatGPT-Image-17-de-dez.-de-2025-12_43_17-683x1024.png 683w, https:\/\/gvcproducoes.e-depo.com.br\/wp-content\/uploads\/2025\/12\/ChatGPT-Image-17-de-dez.-de-2025-12_43_17-200x300.png 200w, https:\/\/gvcproducoes.e-depo.com.br\/wp-content\/uploads\/2025\/12\/ChatGPT-Image-17-de-dez.-de-2025-12_43_17-768x1152.png 768w, https:\/\/gvcproducoes.e-depo.com.br\/wp-content\/uploads\/2025\/12\/ChatGPT-Image-17-de-dez.-de-2025-12_43_17.png 1024w\" sizes=\"(max-width: 683px) 100vw, 683px\" \/><\/figure>\n\n\n\n<p>Link do Universo: <a href=\"https:\/\/gvcproducoes.e-depo.com.br\/?page_id=143\">https:\/\/gvcproducoes.e-depo.com.br\/?page_id=143<\/a><\/p>\n\n\n\n<p>Hist\u00f3rias:<\/p>\n\n\n\n<p>1- Academia do Bem:<\/p>\n\n\n\n<p><\/p>\n\n\n\n<figure class=\"wp-block-image size-large is-resized\"><img decoding=\"async\" width=\"683\" height=\"1024\" src=\"https:\/\/gvcproducoes.e-depo.com.br\/wp-content\/uploads\/2025\/12\/ChatGPT-Image-17-de-dez.-de-2025-13_50_01-683x1024.png\" alt=\"\" class=\"wp-image-125\" style=\"aspect-ratio:0.6666666666666666;width:540px;height:auto\" srcset=\"https:\/\/gvcproducoes.e-depo.com.br\/wp-content\/uploads\/2025\/12\/ChatGPT-Image-17-de-dez.-de-2025-13_50_01-683x1024.png 683w, https:\/\/gvcproducoes.e-depo.com.br\/wp-content\/uploads\/2025\/12\/ChatGPT-Image-17-de-dez.-de-2025-13_50_01-200x300.png 200w, https:\/\/gvcproducoes.e-depo.com.br\/wp-content\/uploads\/2025\/12\/ChatGPT-Image-17-de-dez.-de-2025-13_50_01-768x1152.png 768w, https:\/\/gvcproducoes.e-depo.com.br\/wp-content\/uploads\/2025\/12\/ChatGPT-Image-17-de-dez.-de-2025-13_50_01.png 1024w\" sizes=\"(max-width: 683px) 100vw, 683px\" \/><\/figure>\n\n\n\n<p>Link da p\u00e1gina do Universo: <a href=\"https:\/\/gvcproducoes.e-depo.com.br\/?page_id=127\">https:\/\/gvcproducoes.e-depo.com.br\/?page_id=127<\/a><\/p>\n\n\n\n<p>Hist\u00f3rias:<\/p>\n\n\n\n<p>1-Liga\u00e7\u00e3o Sobrenatural:<a href=\" https:\/\/gvcproducoes.e-depo.com.br\/?page_id=131\"> https:\/\/gvcproducoes.e-depo.com.br\/?page_id=131<\/a><\/p>\n\n\n\n<p><\/p>\n\n\n\n<p>Universo Naruto\/Black Clover<\/p>\n\n\n\n<figure class=\"wp-block-image size-large is-resized\"><img decoding=\"async\" width=\"683\" height=\"1024\" src=\"https:\/\/gvcproducoes.e-depo.com.br\/wp-content\/uploads\/2025\/12\/ChatGPT-Image-18-de-dez.-de-2025-13_19_54-1-683x1024.png\" alt=\"\" class=\"wp-image-165\" style=\"width:553px;height:auto\" srcset=\"https:\/\/gvcproducoes.e-depo.com.br\/wp-content\/uploads\/2025\/12\/ChatGPT-Image-18-de-dez.-de-2025-13_19_54-1-683x1024.png 683w, https:\/\/gvcproducoes.e-depo.com.br\/wp-content\/uploads\/2025\/12\/ChatGPT-Image-18-de-dez.-de-2025-13_19_54-1-200x300.png 200w, https:\/\/gvcproducoes.e-depo.com.br\/wp-content\/uploads\/2025\/12\/ChatGPT-Image-18-de-dez.-de-2025-13_19_54-1-768x1152.png 768w, https:\/\/gvcproducoes.e-depo.com.br\/wp-content\/uploads\/2025\/12\/ChatGPT-Image-18-de-dez.-de-2025-13_19_54-1.png 1024w\" sizes=\"(max-width: 683px) 100vw, 683px\" \/><\/figure>\n\n\n\n<p>Link do Universo: <a href=\"https:\/\/gvcproducoes.e-depo.com.br\/?page_id=149\">https:\/\/gvcproducoes.e-depo.com.br\/?page_id=149<\/a><\/p>\n\n\n\n<p>Hist\u00f3rias: <\/p>\n\n\n\n<p>1-Uzumaki: A busca por vingan\u00e7a e justi\u00e7a:<\/p>\n\n\n\n<p><\/p>\n\n\n\n<p>Universo F\u00eanix<\/p>\n\n\n\n<figure class=\"wp-block-image size-large is-resized\"><img loading=\"lazy\" decoding=\"async\" width=\"683\" height=\"1024\" src=\"https:\/\/gvcproducoes.e-depo.com.br\/wp-content\/uploads\/2025\/12\/ChatGPT-Image-18-de-dez.-de-2025-13_58_59-683x1024.png\" alt=\"\" class=\"wp-image-171\" style=\"aspect-ratio:0.6670068694798822;width:541px;height:auto\" srcset=\"https:\/\/gvcproducoes.e-depo.com.br\/wp-content\/uploads\/2025\/12\/ChatGPT-Image-18-de-dez.-de-2025-13_58_59-683x1024.png 683w, https:\/\/gvcproducoes.e-depo.com.br\/wp-content\/uploads\/2025\/12\/ChatGPT-Image-18-de-dez.-de-2025-13_58_59-200x300.png 200w, https:\/\/gvcproducoes.e-depo.com.br\/wp-content\/uploads\/2025\/12\/ChatGPT-Image-18-de-dez.-de-2025-13_58_59-768x1152.png 768w, https:\/\/gvcproducoes.e-depo.com.br\/wp-content\/uploads\/2025\/12\/ChatGPT-Image-18-de-dez.-de-2025-13_58_59.png 1024w\" sizes=\"(max-width: 683px) 100vw, 683px\" \/><\/figure>\n\n\n\n<p>Link do Universo: <a href=\"https:\/\/gvcproducoes.e-depo.com.br\/?page_id=160\">https:\/\/gvcproducoes.e-depo.com.br\/?page_id=160<\/a><\/p>\n\n\n\n<p>Historias:<\/p>\n\n\n\n<p>1-A volta da F\u00eanix:  <a href=\"https:\/\/gvcproducoes.e-depo.com.br\/?page_id=172\">https:\/\/gvcproducoes.e-depo.com.br\/?page_id=172<\/a><\/p>\n\n\n\n<p><\/p>\n\n\n\n<p>Universo Vaisman<\/p>\n\n\n\n<figure class=\"wp-block-image size-large is-resized\"><img loading=\"lazy\" decoding=\"async\" width=\"683\" height=\"1024\" src=\"https:\/\/gvcproducoes.e-depo.com.br\/wp-content\/uploads\/2025\/12\/ChatGPT-Image-18-de-dez.-de-2025-15_43_09-1-683x1024.png\" alt=\"\" class=\"wp-image-176\" style=\"aspect-ratio:0.6666666666666666;width:537px;height:auto\" srcset=\"https:\/\/gvcproducoes.e-depo.com.br\/wp-content\/uploads\/2025\/12\/ChatGPT-Image-18-de-dez.-de-2025-15_43_09-1-683x1024.png 683w, https:\/\/gvcproducoes.e-depo.com.br\/wp-content\/uploads\/2025\/12\/ChatGPT-Image-18-de-dez.-de-2025-15_43_09-1-200x300.png 200w, https:\/\/gvcproducoes.e-depo.com.br\/wp-content\/uploads\/2025\/12\/ChatGPT-Image-18-de-dez.-de-2025-15_43_09-1-768x1152.png 768w, https:\/\/gvcproducoes.e-depo.com.br\/wp-content\/uploads\/2025\/12\/ChatGPT-Image-18-de-dez.-de-2025-15_43_09-1.png 1024w\" sizes=\"(max-width: 683px) 100vw, 683px\" \/><\/figure>\n\n\n\n<p>Link do Universo:<a href=\" https:\/\/gvcproducoes.e-depo.com.br\/?page_id=153\"> https:\/\/gvcproducoes.e-depo.com.br\/?page_id=153<\/a><\/p>\n\n\n\n<p>Hist\u00f3rias:<\/p>\n\n\n\n<p>1-Comandante  Vaisman:<\/p>\n\n\n\n<p><\/p>\n\n\n\n<p>Universo Naruto\/Winx<\/p>\n\n\n\n<figure class=\"wp-block-image size-large is-resized\"><img loading=\"lazy\" decoding=\"async\" width=\"683\" height=\"1024\" src=\"https:\/\/gvcproducoes.e-depo.com.br\/wp-content\/uploads\/2025\/12\/ChatGPT-Image-24-de-dez.-de-2025-14_14_40-683x1024.png\" alt=\"\" class=\"wp-image-210\" style=\"aspect-ratio:0.6669975186104219;width:547px;height:auto\" srcset=\"https:\/\/gvcproducoes.e-depo.com.br\/wp-content\/uploads\/2025\/12\/ChatGPT-Image-24-de-dez.-de-2025-14_14_40-683x1024.png 683w, https:\/\/gvcproducoes.e-depo.com.br\/wp-content\/uploads\/2025\/12\/ChatGPT-Image-24-de-dez.-de-2025-14_14_40-200x300.png 200w, https:\/\/gvcproducoes.e-depo.com.br\/wp-content\/uploads\/2025\/12\/ChatGPT-Image-24-de-dez.-de-2025-14_14_40-768x1152.png 768w, https:\/\/gvcproducoes.e-depo.com.br\/wp-content\/uploads\/2025\/12\/ChatGPT-Image-24-de-dez.-de-2025-14_14_40.png 1024w\" sizes=\"(max-width: 683px) 100vw, 683px\" \/><\/figure>\n\n\n\n<p>Link do Universo: <a href=\"https:\/\/gvcproducoes.e-depo.com.br\/?page_id=212\">https:\/\/gvcproducoes.e-depo.com.br\/?page_id=212<\/a><\/p>\n\n\n\n<p>Hist\u00f3rias: <\/p>\n\n\n\n<p>1- Alian\u00e7a do Redemoinho:<\/p>\n","protected":false},"excerpt":{"rendered":"<p>Universos da GVC Produ\u00e7\u00f5es Link do Universo: https:\/\/gvcproducoes.e-depo.com.br\/?page_id=143 Hist\u00f3rias: 1- Academia do Bem: Link da p\u00e1gina do Universo: https:\/\/gvcproducoes.e-depo.com.br\/?page_id=127 Hist\u00f3rias: 1-Liga\u00e7\u00e3o Sobrenatural: https:\/\/gvcproducoes.e-depo.com.br\/?page_id=131 Universo Naruto\/Black Clover Link do Universo: https:\/\/gvcproducoes.e-depo.com.br\/?page_id=149 Hist\u00f3rias: 1-Uzumaki: A busca por vingan\u00e7a e justi\u00e7a: Universo F\u00eanix Link do Universo: https:\/\/gvcproducoes.e-depo.com.br\/?page_id=160 Historias: 1-A volta da F\u00eanix: https:\/\/gvcproducoes.e-depo.com.br\/?page_id=172 Universo Vaisman Link do Universo: [&hellip;]<\/p>\n","protected":false},"author":1,"featured_media":0,"parent":0,"menu_order":0,"comment_status":"closed","ping_status":"closed","template":"","meta":{"footnotes":""},"class_list":["post-107","page","type-page","status-publish","hentry"],"jetpack_sharing_enabled":true,"_links":{"self":[{"href":"https:\/\/gvcproducoes.e-depo.com.br\/index.php?rest_route=\/wp\/v2\/pages\/107","targetHints":{"allow":["GET"]}}],"collection":[{"href":"https:\/\/gvcproducoes.e-depo.com.br\/index.php?rest_route=\/wp\/v2\/pages"}],"about":[{"href":"https:\/\/gvcproducoes.e-depo.com.br\/index.php?rest_route=\/wp\/v2\/types\/page"}],"author":[{"embeddable":true,"href":"https:\/\/gvcproducoes.e-depo.com.br\/index.php?rest_route=\/wp\/v2\/users\/1"}],"replies":[{"embeddable":true,"href":"https:\/\/gvcproducoes.e-depo.com.br\/index.php?rest_route=%2Fwp%2Fv2%2Fcomments&post=107"}],"version-history":[{"count":13,"href":"https:\/\/gvcproducoes.e-depo.com.br\/index.php?rest_route=\/wp\/v2\/pages\/107\/revisions"}],"predecessor-version":[{"id":243,"href":"https:\/\/gvcproducoes.e-depo.com.br\/index.php?rest_route=\/wp\/v2\/pages\/107\/revisions\/243"}],"wp:attachment":[{"href":"https:\/\/gvcproducoes.e-depo.com.br\/index.php?rest_route=%2Fwp%2Fv2%2Fmedia&parent=107"}],"curies":[{"name":"wp","href":"https:\/\/api.w.org\/{rel}","templated":true}]}}